rs of (30/27)/((-20)/(-41670))?
5, 463
Let u be 1/(-6) + (-195)/18. Let l = -6 - u. Suppose 3*h - v - 70 = 0, -l*h + 4*v + 112 = -0*v. What are the prime factors of h?
2, 3
Let r be 2 - (3 + -2) - 5. Let n = -47 + 57. Let w = r + n. What are the prime factors of w?
2, 3
Let a(z) = 46*z + 5. Let o be a(7). What are the prime factors of (-2)/5 - o/10*-2?
5, 13
Let j(x) = -x**2 + 6*x + 8. Let y be j(4). Suppose 8 = 4*h - y. What are the prime factors of h?
2, 3
Let n(k) = -6*k**3 + 4*k**2 + 2*k - 12. Let w = 86 + -89. List the prime factors of n(w).
2, 3, 5
Let x = -1042 - -1495. What are the prime factors of x?
3, 151
What are the prime factors of 4/(-16)*(-9 + 11)*-682?
11, 31
Let y(u) = -2*u + 6. Let z be y(-7). Let l be ((-948)/30)/((-4)/z). Let i = l + -95. What are the prime factors of i?
3, 7
Let d(n) = 5*n**2 + 38*n - 13. What are the prime factors of d(-10)?
107
Suppose -5*x + 0*o - 3*o + 791 = 0, x + 2*o = 161. Let l = x + -112. Suppose 5*j - 4*j = -3*h + l, 1 = h + 5*j. What are the prime factors of h?
2
Let u(a) = -a**3 - a**2 - 2*a + 736. What are the prime factors of u(0)?
2, 23
Let a(k) = -15*k**3 - 29*k**3 + 4 - k + 10*k**3 - 16*k**2 + 17*k**2. What are the prime factors of a(-2)?
2, 3, 47
Let r(a) = a**2 - 5*a - 11. Let h be r(7). Suppose h*p + 62 - 215 = 0. What are the prime factors of p?
3, 17
Suppose 16 = -r - 16. What are the prime factors of (r - -6)*(-1 + 0)?
2, 13
Suppose -20*q + 16*q = -976. List the prime factors of (-1)/((-4)/q + 0).
61
Suppose 2*k + 3*k = 2*q + 62, -43 = -4*k - 5*q. Suppose k = -4*m, 3*m + 74 = 3*x - 475. List the prime factors of x.
2, 3, 5
Let c(q) = 27*q + 5. Let h(a) = 14*a + 3. Let t(k) = 4*c(k) - 7*h(k). List the prime factors of t(7).
3, 23
Let n = -31 - -29. List the prime factors of 5/10*(146 - n).
2, 37
Let p = 1845 + -168. What are the prime factors of p?
3, 13, 43
List the prime factors of (-16)/(-112) + (-3399)/(-21).
2, 3
Let k = 3970 - 2814. What are the prime factors of k?
2, 17
Suppose -5*q = -35 + 10. Let f(m) = m**3 - 7*m**2 + 3*m + 3. Let i be f(q). List the prime factors of (-1)/(4/i*2).
2
Let z(j) = j**2 + 6*j. Let p = 15 - 10. Let r be z(p). Let c = r + -28. What are the prime factors of c?
3
Let o = 0 + -3. Let g = -5 - o. What are the prime factors of (-11 + 12)*(g - -62)?
2, 3, 5
Let b(r) = 2*r**3 - 10*r**2 - r + 8. Let i be b(5). Suppose 5*x + i*k - 70 = 0, 4*x + 2*k - 53 = -k. List the prime factors of x.
17
Let p be (-2)/(3/6 + -1). Suppose 0 = -2*s - 5*g + 50, -4*g = p*s - 131 + 7. What are the prime factors of s?
5, 7
Suppose 28 = -0*a - 4*a. Let s = a + -14. Let x = s - -42. List the prime factors of x.
3, 7
Suppose -1000 = 6*q - 11*q. List the prime factors of q.
2, 5
Let r(k) = -16*k**3 - 2*k**2 + k. Let y = 95 + -97. What are the prime factors of r(y)?
2, 59
Let m(w) = -w**2 + 3*w - 20. Let x(d) = 4*d**2 - 10*d + 59. Let b(u) = 7*m(u) + 2*x(u). List the prime factors of b(12).
2, 67
Let v(g) = g**3 + g**2 - 5*g + 6. Let h be v(4). List the prime factors of 9 + h - (3 + -1).
73
Let k(n) = n**3 - 12*n**2 + 12*n + 27. What are the prime factors of k(12)?
3, 19
Let v = 104 - 8. What are the prime factors of (-714)/(-8) + (-24)/v?
89
Let x(s) = -2*s - 6. Let g be x(-4). Suppose -g*h = 3*f - 27, -4*f - 3*h + 30 = -f. List the prime factors of f.
7
Let r = -18 - -21. Suppose 4*z - 2*s - 2*s - 256 = 0, r*z + 2*s - 182 = 0. List the prime factors of z.
2, 31
Let b = 2 - 1. Let z be (b/(-3))/((-4)/(-24)). Let w = z - -11. List the prime factors of w.
3
Suppose 5*a + y = 2535 + 3249, -5*y + 3466 = 3*a. List the prime factors of a.
13, 89
Suppose 0 = -5*n + n + 24. Let k(p) = p - 6. Let y be k(n). Suppose -2*j - 3*j + 110 = y. List the prime factors of j.
2, 11
Let o(h) = -2*h**3 + 3*h**2 + h - 3. Let i be o(-2). Let r = i + -14. Suppose 136 = 5*n - r. What are the prime factors of n?
29
What are the prime factors of (-86)/(-301) + 16684/14?
2, 149
Suppose 4*b + 3*b = 6419. What are the prime factors of b?
7, 131
Suppose s + 530 = 4*u, -656 = -5*u - s - s. What are the prime factors of u?
2, 3, 11
Let b be -7*(9/12)/((-63)/48). Let c(w) = -w + 13. Let s be c(6). Suppose -78 = -2*h + 5*n, 0 = 3*h + b*n - s*n - 117. List the prime factors of h.
3, 13
Let v(l) = -15*l**2 + 17*l + 9. Let x(i) = -8*i**2 + 9*i + 5. Let b(s) = -4*v(s) + 7*x(s). What are the prime factors of b(4)?
43
Let m(a) = 17*a**2 - 26*a - 27. What are the prime factors of m(14)?
17, 173
Let v(o) = o + 5. Let s be v(-5). Suppose b + 5*j - 15 = s, -j + 0 = -3. List the prime factors of 1 - (b + 2)*-1.
3
Suppose 2712 = 14*v - 1726. Let b = v + -152. List the prime factors of b.
3, 5, 11
Let k(q) = -q**3 + q**2 + 8*q - 1. Let w = 154 - 160. What are the prime factors of k(w)?
7, 29
Let w = 110 - 108. Suppose -p - 290 = -2*p + w*x, -4*p + x = -1125. List the prime factors of p.
2, 5, 7
Let p(t) be the third derivative of -3*t**4/8 + 4*t**3/3 - 11*t**2. List the prime factors of p(-19).
179
Let s = -7 + 15. Suppose 0 = -s*o + 13*o - 195. What are the prime factors of (o - 7) + (-3 - -1)?
2, 3, 5
Suppose 4*k = -s - 2, -2*k = k + s + 1. Let i(o) = 2*o + 4. List the prime factors of i(k).
2
Let i = 1338 - 699. What are the prime factors of i?
3, 71
What are the prime factors of (-2)/(3/2076*-4*1)?
2, 173
Let i(f) = -7*f - f**2 + 3*f - 2 - 3. Let g be i(-6). Let n = g + 32. What are the prime factors of n?
3, 5
Let z = -2 + 6. Let y be (-6)/z + 2/4. List the prime factors of y*(-19)/(-2)*-2.
19
Let v(h) = 2*h + 8. Let a be v(-5). Let k(p) = -39*p. List the prime factors of k(a).
2, 3, 13
List the prime factors of ((-9700)/35)/((-6)/105).
2, 5, 97
Let k(b) = 89*b - 192. List the prime factors of k(10).
2, 349
Let h(s) = 5*s - 14*s + 8*s - 5. Let y be h(0). Let j(z) = -z**2 - 6*z + 6. List the prime factors of j(y).
11
Let j be (-2)/6 + (-62)/(-6). Let c(y) = -j*y - 17*y + 0*y. List the prime factors of c(-1).
3
Let v(t) = -3*t**2 - 1. Let q be v(-1). Let i = 7 + q. What are the prime factors of i?
3
Suppose -13 - 1 = -u. Let i(f) = 15*f + f**2 - 10 + 3*f**2 - 5*f**2. List the prime factors of i(u).
2
Let i = -68 + 171. Suppose 0 = -4*a + i + 117. List the prime factors of a.
5, 11
Let h(a) = 182*a**3 + 13*a**2 - 12*a - 93*a**3 + 11 - 88*a**3 + 4 - 5*a. Let t = -30 - -16. List the prime factors of h(t).
3, 19
Suppose 4*y + 293 = -5*s + 10*s, -2*s + y + 119 = 0. Suppose -s*h = -60*h - 180. List the prime factors of h.
2, 3, 5
Let t = -522 - -1063. Let u = -374 + t. Suppose -4*a = -3*w + 44 - u, -2*a + 61 = -w. List the prime factors of a.
2, 3, 5
Let g(w) = -30 + 0*w + 58 - 3 - 12*w. What are the prime factors of g(-4)?
73
Let w(d) = -303*d + 9. List the prime factors of w(-1).
2, 3, 13
Let f = -39 + 39. Let p be 2 - 4/(-2) - -176. Suppose f = 3*h - 6*h + p. What are the prime factors of h?
2, 3, 5
Let i = 4788 - 2926. List the prime factors of i.
2, 7, 19
Let m(y) = 7*y**2 + 11*y - 25. List the prime factors of m(8).
7, 73
Let i = -55 - -91. Suppose 0 = -2*u + 5*u + 72. Let y = i + u. What are the prime factors of y?
2, 3
Let j(l) be the second derivative of 11*l**3/3 + 9*l**2/2 - 3*l. Let t(p) = 23*p + 9. Let h(o) = 7*j(o) - 6*t(o). List the prime factors of h(3).
3, 19
Suppose 2*h + 53 = 5*s, -3*h - 18 = -2*s + h. Suppose -15 = 28*q - 33*q, 0 = c - 2*q - 9. Suppose -88 = -c*a + s*a. List the prime factors of a.
2, 11
Let y(k) = 6*k**3 - k. Suppose 4*g = -2*c + 2, -3*c - 5*g + 4 = c. Let l be y(c). Suppose -l*r + 32 = -8. List the prime factors of r.
2
Suppose -x + 3 = 4*w - 4, 4*x - 8 = 4*w. Let m(t) = -12*t - 10. Let b be m(-15). Suppose 4*v - x*g = 2*g + b, -3*g + 51 = v. What are the prime factors of v?
3, 5
Let p = 15 + 10. Suppose -26*r + 219 = -p*r. List the prime factors of r.
3, 73
Suppose -2*m = 3*q - 13, -3*q + 11 = 2*q - 2*m. Suppose -8 = -5*l + q*l. Suppose p + l*z - 42 = -0*p, -78 = -2*p - 2*z. List the prime factors of p.
2, 19
Let z = -360 + 1641. What are the prime factors of z?
3, 7, 61
Suppose -12 = -3*h - 2*g - 2, 3*h - g = 4. Suppose h*w = w + 45. What are the prime factors of w?
3, 5
Suppose -n - 5*m = 37 - 1630, 4740 = 3*n + 2*m. List the prime factors of n.
2, 3, 263
Let z = -108 - -119. Let h(v) = 2*v**2 - 4. List the prime factors of h(z).
2, 7, 17
Let b = 340 - 313. List the prime factors of b